{"id":2926,"date":"2020-11-20T11:44:16","date_gmt":"2020-11-20T10:44:16","guid":{"rendered":"http:\/\/www.orzanwines.com\/?page_id=2926"},"modified":"2025-07-21T15:51:57","modified_gmt":"2025-07-21T13:51:57","slug":"agriturismo","status":"publish","type":"page","link":"https:\/\/www.orzanwines.com\/index.php\/agriturismo\/","title":{"rendered":"Agriturismo"},"content":{"rendered":"<div  class=\"tatsu-fqoxnhf5dt44k0t tatsu-section  tatsu-fullscreen tatsu-bg-overlay   tatsu-clearfix\" data-title=\"\"  data-headerscheme=\"background--dark\"><div class=\"tatsu-fullscreen-wrap\"><div class='tatsu-section-pad clearfix' data-padding='{\"d\":\"200px 0% 200px 0% \"}' data-padding-top='200px'><div class=\"tatsu-row-wrap  tatsu-wrap tatsu-row-has-one-half tatsu-row-has-two-cols tatsu-medium-gutter tatsu-reg-cols  tatsu-clearfix tatsu-fqoxnhf5ep7jz6hz\" ><div  class=\"tatsu-row \" ><div  class=\"tatsu-column  tatsu-column-no-bg tatsu-one-half tatsu-column-image-none tatsu-column-effect-none  tatsu-fqoxnhf5f2bki57p\"  data-parallax-speed=\"0\" style=\"\"><div class=\"tatsu-column-inner \" ><div class=\"tatsu-column-pad-wrap\"><div class=\"tatsu-column-pad\" ><div  class=\"tatsu-module tatsu-inline-text clearfix tatsu-fqoxnhf5g38k1gb   \" ><style>.tatsu-fqoxnhf5g38k1gb .tatsu-inline-text-inner{width: 100%;text-align: center;background-color: rgba(237,28,36,1);}@media only screen and (max-width:1377px) {.tatsu-fqoxnhf5g38k1gb .tatsu-inline-text-inner{text-align: center;}}@media only screen and (min-width:768px) and (max-width: 1024px) {.tatsu-fqoxnhf5g38k1gb .tatsu-inline-text-inner{text-align: center;}.tatsu-fqoxnhf5g38k1gb.tatsu-inline-text .tatsu-inline-text-inner *{font-size : 60px;}}@media only screen and (max-width: 767px) {.tatsu-fqoxnhf5g38k1gb .tatsu-inline-text-inner{text-align: center;}}<\/style><div class=\"tatsu-inline-text-inner tatsu-align-center\">\n<h1><span style=\"color: #ffffff;\">Agriturismo<\/span><\/h1>\n<\/div><\/div><\/div><\/div><div class = \"tatsu-column-bg-image-wrap\"><div class = \"tatsu-column-bg-image\" ><\/div><\/div><\/div><style>.tatsu-row > .tatsu-fqoxnhf5f2bki57p.tatsu-column{width: 50%;}.tatsu-fqoxnhf5f2bki57p.tatsu-column > .tatsu-column-inner > .tatsu-column-overlay{mix-blend-mode: none;}.tatsu-fqoxnhf5f2bki57p > .tatsu-column-inner > .tatsu-top-divider{z-index: 9999;}.tatsu-fqoxnhf5f2bki57p > .tatsu-column-inner > .tatsu-bottom-divider{z-index: 9999;}.tatsu-fqoxnhf5f2bki57p > .tatsu-column-inner > .tatsu-left-divider{z-index: 9999;}.tatsu-fqoxnhf5f2bki57p > .tatsu-column-inner > .tatsu-right-divider{z-index: 9999;}@media only screen and (max-width: 767px) {.tatsu-row > .tatsu-fqoxnhf5f2bki57p.tatsu-column{width: 100%;}}<\/style><\/div><div  class=\"tatsu-column  tatsu-column-no-bg tatsu-column-empty tatsu-one-half tatsu-column-image-none tatsu-column-effect-none  tatsu-fqoxnhf5p9ca6lzf\"  data-parallax-speed=\"0\" style=\"\"><div class=\"tatsu-column-inner \" ><div class=\"tatsu-column-pad-wrap\"><div class=\"tatsu-column-pad\" ><\/div><\/div><div class = \"tatsu-column-bg-image-wrap\"><div class = \"tatsu-column-bg-image\" ><\/div><\/div><\/div><style>.tatsu-row > .tatsu-fqoxnhf5p9ca6lzf.tatsu-column{width: 50%;}.tatsu-fqoxnhf5p9ca6lzf.tatsu-column > .tatsu-column-inner > .tatsu-column-overlay{mix-blend-mode: none;}.tatsu-fqoxnhf5p9ca6lzf > .tatsu-column-inner > .tatsu-top-divider{z-index: 9999;}.tatsu-fqoxnhf5p9ca6lzf > .tatsu-column-inner > .tatsu-bottom-divider{z-index: 9999;}.tatsu-fqoxnhf5p9ca6lzf > .tatsu-column-inner > .tatsu-left-divider{z-index: 9999;}.tatsu-fqoxnhf5p9ca6lzf > .tatsu-column-inner > .tatsu-right-divider{z-index: 9999;}@media only screen and (max-width: 767px) {.tatsu-row > .tatsu-fqoxnhf5p9ca6lzf.tatsu-column{width: 100%;}}<\/style><\/div><\/div><\/div><\/div><div class=\"tatsu-section-background-wrap\"><div class = \"tatsu-section-background\" ><\/div><\/div><div class=\"tatsu-overlay tatsu-section-overlay\"><\/div><\/div><style>.tatsu-fqoxnhf5dt44k0t.tatsu-section{background-color: rgba(29,29,29,1);}.tatsu-fqoxnhf5dt44k0t .tatsu-section-background{background-image: url(http:\/\/www.orzanwines.com\/wp-content\/uploads\/2021\/03\/EDAADF09-C981-40ED-B323-0FB8A4BA4E4C-scaled.jpeg);background-repeat: no-repeat;background-attachment: fixed;background-position: center center;background-size: cover;}.tatsu-fqoxnhf5dt44k0t .tatsu-bg-blur{background-repeat: no-repeat;background-attachment: fixed;background-position: center center;background-size: cover;}.tatsu-fqoxnhf5dt44k0t{border-width: 0px 0px px 0px;border-style: solid;}.tatsu-fqoxnhf5dt44k0t .tatsu-section-pad{padding: 200px 0% 200px 0% ;}.tatsu-fqoxnhf5dt44k0t > .tatsu-bottom-divider{z-index: 9999;}.tatsu-fqoxnhf5dt44k0t > .tatsu-top-divider{z-index: 9999;}.tatsu-fqoxnhf5dt44k0t .tatsu-section-overlay{background: rgba(0,0,0,0.1);mix-blend-mode: normal;}.tatsu-fqoxnhf5dt44k0t .tatsu-fullscreen-wrap{align-items: center;}<\/style><\/div><div  class=\"tatsu-fqoxnhf5q3bndzhm tatsu-section    tatsu-clearfix\" data-title=\"\"  data-headerscheme=\"background--dark\"><div class='tatsu-section-pad clearfix' data-padding='{\"d\":\"90px 0px 0px 0px\"}' data-padding-top='90px'><div class=\"tatsu-row-wrap  tatsu-wrap tatsu-row-one-col tatsu-row-has-one-cols tatsu-medium-gutter tatsu-reg-cols  tatsu-clearfix tatsu-fqoxnhf5qk223ywu\" ><div  class=\"tatsu-row \" ><div  class=\"tatsu-column  tatsu-column-no-bg tatsu-one-col tatsu-column-image-none tatsu-column-effect-none  tatsu-fqoxnhf5que4y48n\"  data-parallax-speed=\"0\" style=\"\"><div class=\"tatsu-column-inner \" ><div class=\"tatsu-column-pad-wrap\"><div class=\"tatsu-column-pad\" ><div  class=\"special-subtitle-wrap  tatsu-fqoxnhf5rfchbvyy  \"  ><div class=\"align-center\"><span class=\"special-subtitle\" >Il luogo dove portiamo i nostri prodotti in tavola<\/span><\/div><style>.tatsu-fqoxnhf5rfchbvyy .special-subtitle{font-size: 12px;width: 100%;}.tatsu-fqoxnhf5rfchbvyy.special-subtitle-wrap{margin-bottom: 10px;}<\/style><\/div><div  class=\"tatsu-module tatsu-inline-text clearfix tatsu-fqoxnhf5uj52osb1   \" ><style>.tatsu-fqoxnhf5uj52osb1 .tatsu-inline-text-inner{width: 100%;text-align: left;}<\/style><div class=\"tatsu-inline-text-inner tatsu-align-center\">\n<h2 style=\"text-align: center;\"><span style=\"color: #ed1c24;\">Agriturismo<\/span><\/h2>\n<\/div><\/div><\/div><\/div><div class = \"tatsu-column-bg-image-wrap\"><div class = \"tatsu-column-bg-image\" ><\/div><\/div><\/div><style>.tatsu-row > .tatsu-fqoxnhf5que4y48n.tatsu-column{width: 100%;}.tatsu-fqoxnhf5que4y48n.tatsu-column > .tatsu-column-inner > .tatsu-column-overlay{mix-blend-mode: none;}.tatsu-fqoxnhf5que4y48n > .tatsu-column-inner > .tatsu-top-divider{z-index: 9999;}.tatsu-fqoxnhf5que4y48n > .tatsu-column-inner > .tatsu-bottom-divider{z-index: 9999;}.tatsu-fqoxnhf5que4y48n > .tatsu-column-inner > .tatsu-left-divider{z-index: 9999;}.tatsu-fqoxnhf5que4y48n > .tatsu-column-inner > .tatsu-right-divider{z-index: 9999;}<\/style><\/div><\/div><\/div><div class=\"tatsu-row-wrap  tatsu-wrap tatsu-row-has-one-half tatsu-row-has-two-cols tatsu-medium-gutter tatsu-reg-cols  tatsu-clearfix tatsu-fqoxnhf5xw80uydr\" ><div  class=\"tatsu-row \" ><div  class=\"tatsu-column  tatsu-column-no-bg tatsu-one-half tatsu-column-image-none tatsu-column-effect-none  tatsu-fqoxnhf5y9605a7x\"  data-parallax-speed=\"0\" style=\"\"><div class=\"tatsu-column-inner \" ><div class=\"tatsu-column-pad-wrap\"><div class=\"tatsu-column-pad\" ><div  class=\"tatsu-module tatsu-inline-text clearfix tatsu-fqoxnhf5yus796   \" ><style>.tatsu-fqoxnhf5yus796 .tatsu-inline-text-inner{width: 100%;text-align: left;}.tatsu-fqoxnhf5yus796.tatsu-inline-text{margin: 40px 0px 60px 0px ;}<\/style><div class=\"tatsu-inline-text-inner tatsu-align-center\">\n<p class=\"Standard\">Dal 1994, all&#8217;interno della nostra azienda \u00e8 attivo l&#8217;<strong>agriturismo<\/strong> dove si pu\u00f2 pranzare e cenare nel fine settimana, degustando i piatti della tradizione friulana accompagnati dai nostri vini. I salumi sono di produzione propria come il salame, la sopressa o la pancetta oppure di aziende friulane come il prosciutto di Sauris.\u00a0<\/p>\n<\/div><\/div><div  class=\"tatsu-single-image tatsu-module tatsu-external-image tatsu-fqoxnhf6384k7qlf  \" ><div class=\"tatsu-single-image-inner \" style=\"\" ><div class = \"tatsu-single-image-padding-wrap\" style = \"\" ><\/div><img class = \"tatsu-gradient-border\" src = \"https:\/\/www.orzanwines.com\/wp-content\/uploads\/2021\/03\/F911B48C-D4C6-4C25-990F-BBFEF7DE0E42-scaled.jpeg\" alt =\" \"  \/><\/div><style>.tatsu-fqoxnhf6384k7qlf{margin: 18% 0px 0px 0px;}.tatsu-fqoxnhf6384k7qlf .tatsu-single-image-inner{border-style: solid;max-width: 100%;}.tatsu-fqoxnhf6384k7qlf.tatsu-single-image{transform: translate3d(0px,0px, 0);}<\/style><\/div><div  class=\"tatsu-module tatsu-inline-text clearfix tatsu-DAiJ9xwxb   \" ><style>.tatsu-DAiJ9xwxb .tatsu-inline-text-inner{width: 100%;text-align: left;}.tatsu-DAiJ9xwxb.tatsu-inline-text{margin: 50px 0px 30px 0px;}@media only screen and (max-width: 767px) {.tatsu-DAiJ9xwxb .tatsu-inline-text-inner{width: 100%;}}<\/style><div class=\"tatsu-inline-text-inner tatsu-align-center\">\n<h5 style=\"text-align: center;\"><span style=\"color: #ed1c24;\">Orari Agriturismo<\/span><\/h5>\n<\/div><\/div><div  class=\"tatsu-module tatsu-inline-text clearfix tatsu-HkmaRFTw2   \" ><style>.tatsu-HkmaRFTw2 .tatsu-inline-text-inner{width: 100%;text-align: left;}.tatsu-HkmaRFTw2.tatsu-inline-text{margin: 0px 0px 60px 0px ;}<\/style><div class=\"tatsu-inline-text-inner tatsu-align-center\">\n<p class=\"Standard\"><strong>Gioved\u00ec:<\/strong> dalle 19:00 alle 23:45 (solo Novembre e Dicembre)<br \/><strong>Venerd\u00ec:<\/strong> dalle 19:00 alle 23:45<br \/><strong>Sabato:<\/strong> dalle 12:00 alle 16:00 e dalle 19:00 alle 23:45<br \/><strong>Domenica:<\/strong> dalle 12:00 alle 16:00 e dalle 19:00 alle 22:30\u00a0<\/p>\n<\/div><\/div><\/div><\/div><div class = \"tatsu-column-bg-image-wrap\"><div class = \"tatsu-column-bg-image\" ><\/div><\/div><\/div><style>.tatsu-row > .tatsu-fqoxnhf5y9605a7x.tatsu-column{width: 49.7%;}.tatsu-fqoxnhf5y9605a7x.tatsu-column > .tatsu-column-inner > .tatsu-column-overlay{mix-blend-mode: none;}.tatsu-fqoxnhf5y9605a7x > .tatsu-column-inner > .tatsu-top-divider{z-index: 9999;}.tatsu-fqoxnhf5y9605a7x > .tatsu-column-inner > .tatsu-bottom-divider{z-index: 9999;}.tatsu-fqoxnhf5y9605a7x > .tatsu-column-inner > .tatsu-left-divider{z-index: 9999;}.tatsu-fqoxnhf5y9605a7x > .tatsu-column-inner > .tatsu-right-divider{z-index: 9999;}@media only screen and (max-width: 767px) {.tatsu-row > .tatsu-fqoxnhf5y9605a7x.tatsu-column{width: 100%;}}<\/style><\/div><div  class=\"tatsu-column  tatsu-column-no-bg tatsu-one-half tatsu-column-image-none tatsu-column-effect-none  tatsu-fqoxnhf66u1w8qv1\"  data-parallax-speed=\"0\" style=\"\"><div class=\"tatsu-column-inner \" ><div class=\"tatsu-column-pad-wrap\"><div class=\"tatsu-column-pad\" ><div  class=\"tatsu-single-image tatsu-module tatsu-external-image tatsu-fqoxnhf67u2v4nl1  \" ><div class=\"tatsu-single-image-inner \" style=\"\" ><div class = \"tatsu-single-image-padding-wrap\" style = \"\" ><\/div><img class = \"tatsu-gradient-border\" src = \"https:\/\/www.orzanwines.com\/wp-content\/uploads\/2021\/03\/261A0806-2A3B-4885-A6A4-2CE16ADC6B17-scaled.jpeg\" alt =\" \"  \/><\/div><style>.tatsu-fqoxnhf67u2v4nl1 .tatsu-single-image-inner{border-style: solid;max-width: 100%;}.tatsu-fqoxnhf67u2v4nl1.tatsu-single-image{transform: translate3d(0px,0px, 0);}<\/style><\/div><div  class=\"tatsu-module tatsu-inline-text clearfix tatsu-fqoxnhf6bi9lru0e   \" ><style>.tatsu-fqoxnhf6bi9lru0e .tatsu-inline-text-inner{width: 100%;text-align: left;}.tatsu-fqoxnhf6bi9lru0e.tatsu-inline-text{margin: 0px 0px 60px 0px ;}<\/style><div class=\"tatsu-inline-text-inner tatsu-align-center\">\n<p class=\"Standard\">I piatti tipici sono gli gnocchi al cinghiale, fatti con le nostre patate, le crespelle, i minestroni e tanti altri piatti tradizionali che seguono il susseguirsi delle stagioni. Sempre presente \u00e8\u00a0 la grigliata mista di maiale con carne di nostra produzione oppure da altre aziende agricole friulane. Altri piatti particolarmente apprezzati sono la ljubljanska, il filetto di maiale al Cabernet ed il cotechino con la brovada. \u00c9 possibile nel fine settimana oltre ad acquistare i vini, acquistare salumi o prodotti dell&#8217;orto di casa.<\/p>\n<\/div><\/div><div  class=\"tatsu-single-image tatsu-module tatsu-image-lazyload tatsu-external-image tatsu-FFD7CUkOb  \" ><div class=\"tatsu-single-image-inner \" style=\"\" ><div class = \"tatsu-single-image-padding-wrap\" style = \"\" ><\/div><img class = \"tatsu-gradient-border\" data-src = \"https:\/\/www.orzanwines.com\/wp-content\/uploads\/2021\/05\/190295644_148716540511108_5183727842996087235_n.jpg\" alt =\" \"  src =\"data:image\/png;base64,iVBORw0KGgoAAAANSUhEUgAAAAEAAAABCAQAAAC1HAwCAAAAC0lEQVR42mNkYAAAAAYAAjCB0C8AAAAASUVORK5CYII=\"  \/><\/div><style>.tatsu-FFD7CUkOb .tatsu-single-image-inner{border-style: solid;max-width: 100%;}.tatsu-FFD7CUkOb.tatsu-single-image{transform: translate3d(0px,0px, 0);}<\/style><\/div><\/div><\/div><div class = \"tatsu-column-bg-image-wrap\"><div class = \"tatsu-column-bg-image\" ><\/div><\/div><\/div><style>.tatsu-row > .tatsu-fqoxnhf66u1w8qv1.tatsu-column{width: 50.3%;}.tatsu-fqoxnhf66u1w8qv1.tatsu-column > .tatsu-column-inner > .tatsu-column-overlay{mix-blend-mode: none;}.tatsu-fqoxnhf66u1w8qv1 > .tatsu-column-inner > .tatsu-top-divider{z-index: 9999;}.tatsu-fqoxnhf66u1w8qv1 > .tatsu-column-inner > .tatsu-bottom-divider{z-index: 9999;}.tatsu-fqoxnhf66u1w8qv1 > .tatsu-column-inner > .tatsu-left-divider{z-index: 9999;}.tatsu-fqoxnhf66u1w8qv1 > .tatsu-column-inner > .tatsu-right-divider{z-index: 9999;}@media only screen and (max-width: 767px) {.tatsu-row > .tatsu-fqoxnhf66u1w8qv1.tatsu-column{width: 100%;}}<\/style><\/div><\/div><\/div><div class=\"tatsu-row-wrap  tatsu-wrap tatsu-row-one-col tatsu-row-has-one-cols tatsu-medium-gutter tatsu-reg-cols  tatsu-clearfix tatsu-fqoxnhf6f8g8e1mx\" ><div  class=\"tatsu-row \" ><div  class=\"tatsu-column  tatsu-column-no-bg tatsu-one-col tatsu-column-image-none tatsu-column-effect-none  tatsu-fqoxnhf6fl76plpy\"  data-parallax-speed=\"0\" style=\"\"><div class=\"tatsu-column-inner \" ><div class=\"tatsu-column-pad-wrap\"><div class=\"tatsu-column-pad\" ><div  class=\"tatsu-single-image tatsu-module align-center tatsu-image-lazyload tatsu-0B6T3GX77  \" ><div class=\"tatsu-single-image-inner \" style=\"width : 908px;\" ><div class = \"tatsu-single-image-padding-wrap\" style = \"padding-bottom : 141.51982378855%;\" ><\/div><a href = \"https:\/\/www.orzanwines.com\/wp-content\/uploads\/2022\/05\/Menu-agriturismo-sito-1024x689.jpg\" ><img class = \"tatsu-gradient-border\" alt = \"\" title = \"menu-giugno-2025\" data-src = \"https:\/\/www.orzanwines.com\/wp-content\/uploads\/2025\/07\/menu-giugno-2025.jpg\" src =\"data:image\/png;base64,iVBORw0KGgoAAAANSUhEUgAAAAEAAAABCAQAAAC1HAwCAAAAC0lEQVR42mNkYAAAAAYAAjCB0C8AAAAASUVORK5CYII=\"  \/><\/a><\/div><style>.tatsu-0B6T3GX77 .tatsu-single-image-inner{border-style: solid;border-width: 20px;border-color: rgba(34,31,32,1); max-width: 100%;}.tatsu-0B6T3GX77.tatsu-single-image{transform: translate3d(0px,0px, 0);}<\/style><\/div><div  class=\"tatsu-single-image tatsu-module align-center tatsu-image-lazyload tatsu-external-image tatsu-H1avYF6Dn  \" ><div class=\"tatsu-single-image-inner \" style=\"\" ><div class = \"tatsu-single-image-padding-wrap\" style = \"\" ><\/div><a href = \"https:\/\/www.orzanwines.com\/wp-content\/uploads\/2022\/05\/Menu-agriturismo-sito-1024x689.jpg\" ><img class = \"tatsu-gradient-border\" data-src = \"https:\/\/www.orzanwines.com\/wp-content\/uploads\/2023\/11\/23g17_menu-ottobre23_02_2.png\" alt =\" \"  src =\"data:image\/png;base64,iVBORw0KGgoAAAANSUhEUgAAAAEAAAABCAQAAAC1HAwCAAAAC0lEQVR42mNkYAAAAAYAAjCB0C8AAAAASUVORK5CYII=\"  \/><\/a><\/div><style>.tatsu-H1avYF6Dn .tatsu-single-image-inner{border-style: solid;border-width: 20px;border-color: rgba(34,31,32,1); max-width: 100%;}.tatsu-H1avYF6Dn.tatsu-single-image{transform: translate3d(0px,0px, 0);}<\/style><\/div><div class=\"tatsu-row-wrap  tatsu-row-one-col tatsu-row-has-one-cols tatsu-medium-gutter tatsu-reg-cols tatsu-inner-row-wrap  tatsu-clearfix tatsu-ryeRReZrVT\" ><div  class=\"tatsu-row \" ><div  class=\"tatsu-column  tatsu-bg-overlay tatsu-one-col tatsu-column-image- tatsu-column-effect-  tatsu-BJ0RlWSNT\"  data-parallax-speed=\"0\" style=\"\"><div class=\"tatsu-column-inner \" ><div class=\"tatsu-column-pad-wrap\"><div class=\"tatsu-column-pad\" ><div  class=\"tatsu-module tatsu-text-block-wrap tatsu-rkpeZWSET  \"><div class=\"tatsu-text-inner tatsu-align-center  clearfix\" ><style>.tatsu-rkpeZWSET.tatsu-text-block-wrap .tatsu-text-inner{width: 100%;text-align: left;}<\/style>\n<p><em>Il men\u00f9 pu\u00f2 subire variazioni in base alla reperibilit\u00e0 e alla stagionalit\u00e0 dei prodotti, pertanto il sito non \u00e8 sempre aggiornato. <\/em><em>Per qualsiasi informazione vi invitiamo a contattarci.<\/em><\/p>\n<\/div><\/div><\/div><\/div><div class = \"tatsu-column-bg-image-wrap\"><div class = \"tatsu-column-bg-image\" ><\/div><\/div><div class=\"tatsu-overlay tatsu-column-overlay tatsu-animate-none\" ><\/div><\/div><style>.tatsu-row > .tatsu-BJ0RlWSNT.tatsu-column{width: 100%;}.tatsu-BJ0RlWSNT.tatsu-column > .tatsu-column-inner > .tatsu-column-overlay{mix-blend-mode: normal;}.tatsu-BJ0RlWSNT > .tatsu-column-inner > .tatsu-top-divider{z-index: 9999;}.tatsu-BJ0RlWSNT > .tatsu-column-inner > .tatsu-bottom-divider{z-index: 9999;}.tatsu-BJ0RlWSNT > .tatsu-column-inner > .tatsu-left-divider{z-index: 9999;}.tatsu-BJ0RlWSNT > .tatsu-column-inner > .tatsu-right-divider{z-index: 9999;}@media only screen and (max-width:1377px) {.tatsu-row > .tatsu-BJ0RlWSNT.tatsu-column{width: 100%;}}@media only screen and (min-width:768px) and (max-width: 1024px) {.tatsu-row > .tatsu-BJ0RlWSNT.tatsu-column{width: 100%;}}@media only screen and (max-width: 767px) {.tatsu-row > .tatsu-BJ0RlWSNT.tatsu-column{width: 100%;}}<\/style><\/div><\/div><\/div><\/div><\/div><div class = \"tatsu-column-bg-image-wrap\"><div class = \"tatsu-column-bg-image\" ><\/div><\/div><\/div><style>.tatsu-row > .tatsu-fqoxnhf6fl76plpy.tatsu-column{width: 100%;}.tatsu-fqoxnhf6fl76plpy.tatsu-column > .tatsu-column-inner > .tatsu-column-overlay{mix-blend-mode: none;}.tatsu-fqoxnhf6fl76plpy > .tatsu-column-inner > .tatsu-top-divider{z-index: 9999;}.tatsu-fqoxnhf6fl76plpy > .tatsu-column-inner > .tatsu-bottom-divider{z-index: 9999;}.tatsu-fqoxnhf6fl76plpy > .tatsu-column-inner > .tatsu-left-divider{z-index: 9999;}.tatsu-fqoxnhf6fl76plpy > .tatsu-column-inner > .tatsu-right-divider{z-index: 9999;}<\/style><\/div><\/div><\/div><\/div><div class=\"tatsu-section-background-wrap\"><div class = \"tatsu-section-background\" ><\/div><\/div><style>.tatsu-fqoxnhf5q3bndzhm .tatsu-section-pad{padding: 90px 0px 0px 0px;}.tatsu-fqoxnhf5q3bndzhm > .tatsu-bottom-divider{z-index: 9999;}.tatsu-fqoxnhf5q3bndzhm > .tatsu-top-divider{z-index: 9999;}<\/style><\/div><div  class=\"tatsu-fqoxnhfchjdy8ncy tatsu-section    tatsu-clearfix\" data-title=\"\"  data-headerscheme=\"background--dark\"><div class='tatsu-section-pad clearfix' data-padding='{\"d\":\"40px 0px 40px 0px\"}' data-padding-top='40px'><div class=\"tatsu-row-wrap  tatsu-wrap tatsu-row-one-col tatsu-row-has-one-cols tatsu-medium-gutter tatsu-reg-cols  tatsu-clearfix tatsu-fqoxnhfcif1nm0kw\" ><div  class=\"tatsu-row \" ><div  class=\"tatsu-column  tatsu-column-no-bg tatsu-one-col tatsu-column-image-none tatsu-column-effect-none  tatsu-fqoxnhfcir55z31n\"  data-parallax-speed=\"0\" style=\"\"><div class=\"tatsu-column-inner \" ><div class=\"tatsu-column-pad-wrap\"><div class=\"tatsu-column-pad\" ><div  class=\"tatsu-module tatsu-call-to-action tatsu-clearfix  tatsu-fqoxnhfcjddmagnp  \" ><div class=\"tatsu-cta-inner\"><h5 class=\"tatsu-action-content\" >Acquista i nostri vini direttamente da casa tua<\/h5><a class=\"mediumbtn tatsu-button rounded tatsu-action-button   \" href=\"https:\/\/www.orzanwines.com\/index.php\/vendita\/\" data-gdpr-atts={} ><span>SCOPRI DI PI\u00f9<\/span><\/a><style>.tatsu-fqoxnhfcjddmagnp .tatsu-action-content{color: rgba(39,33,36,1) ;}.tatsu-fqoxnhfcjddmagnp .tatsu-action-button{background: rgba(237,28,36,1);border-width: 1px;border-color: rgba(237,28,36,1); }.tatsu-fqoxnhfcjddmagnp .tatsu-action-button:hover{background: rgba(39,33,36,1);border-color: rgba(39,33,36,1); }.tatsu-fqoxnhfcjddmagnp .tatsu-action-button span{color: #ffffff ;}.tatsu-fqoxnhfcjddmagnp .tatsu-action-button:hover span{color: rgba(237,28,36,1) ;}<\/style><\/div><\/div><\/div><\/div><div class = \"tatsu-column-bg-image-wrap\"><div class = \"tatsu-column-bg-image\" ><\/div><\/div><\/div><style>.tatsu-row > .tatsu-fqoxnhfcir55z31n.tatsu-column{width: 100%;}.tatsu-fqoxnhfcir55z31n.tatsu-column > .tatsu-column-inner > .tatsu-column-overlay{mix-blend-mode: none;}.tatsu-fqoxnhfcir55z31n > .tatsu-column-inner > .tatsu-top-divider{z-index: 9999;}.tatsu-fqoxnhfcir55z31n > .tatsu-column-inner > .tatsu-bottom-divider{z-index: 9999;}.tatsu-fqoxnhfcir55z31n > .tatsu-column-inner > .tatsu-left-divider{z-index: 9999;}.tatsu-fqoxnhfcir55z31n > .tatsu-column-inner > .tatsu-right-divider{z-index: 9999;}<\/style><\/div><\/div><\/div><\/div><div class=\"tatsu-section-background-wrap\"><div class = \"tatsu-section-background\" ><\/div><\/div><style>.tatsu-fqoxnhfchjdy8ncy.tatsu-section{background-color: rgba(255,255,255,1);}.tatsu-fqoxnhfchjdy8ncy .tatsu-section-pad{padding: 40px 0px 40px 0px;}.tatsu-fqoxnhfchjdy8ncy > .tatsu-bottom-divider{z-index: 9999;}.tatsu-fqoxnhfchjdy8ncy > .tatsu-top-divider{z-index: 9999;}<\/style><\/div>\n","protected":false},"excerpt":{"rendered":"<p><a href=\"https:\/\/www.orzanwines.com\/index.php\/agriturismo\/\" class=\"more-link style3-button\">Read More<\/a><\/p>","protected":false},"author":2,"featured_media":0,"parent":0,"menu_order":0,"comment_status":"closed","ping_status":"closed","template":"","meta":[],"yoast_head":"<!-- This site is optimized with the Yoast SEO plugin v15.3 - https:\/\/yoast.com\/wordpress\/plugins\/seo\/ -->\r\n<title>Agriturismo - Orzan Ivaldo<\/title>\r\n<meta name=\"robots\" content=\"index, follow, max-snippet:-1, max-image-preview:large, max-video-preview:-1\" \/>\r\n<link rel=\"canonical\" href=\"https:\/\/www.orzanwines.com\/index.php\/agriturismo\/\" \/>\r\n<meta property=\"og:locale\" content=\"it_IT\" \/>\r\n<meta property=\"og:type\" content=\"article\" \/>\r\n<meta property=\"og:title\" content=\"Agriturismo - Orzan Ivaldo\" \/>\r\n<meta property=\"og:url\" content=\"https:\/\/www.orzanwines.com\/index.php\/agriturismo\/\" \/>\r\n<meta property=\"og:site_name\" content=\"Orzan Ivaldo\" \/>\r\n<meta property=\"article:modified_time\" content=\"2025-07-21T13:51:57+00:00\" \/>\r\n<meta name=\"twitter:card\" content=\"summary_large_image\" \/>\r\n<meta name=\"twitter:label1\" content=\"Scritto da\">\n\t<meta name=\"twitter:data1\" content=\"Luka Tercic\">\n\t<meta name=\"twitter:label2\" content=\"Tempo di lettura stimato\">\n\t<meta name=\"twitter:data2\" content=\"18 minuti\">\r\n<script type=\"application\/ld+json\" class=\"yoast-schema-graph\">{\"@context\":\"https:\/\/schema.org\",\"@graph\":[{\"@type\":\"WebSite\",\"@id\":\"https:\/\/www.orzanwines.com\/#website\",\"url\":\"https:\/\/www.orzanwines.com\/\",\"name\":\"Orzan Ivaldo\",\"description\":\"Vendita Vini e Agriturismo\",\"potentialAction\":[{\"@type\":\"SearchAction\",\"target\":\"https:\/\/www.orzanwines.com\/?s={search_term_string}\",\"query-input\":\"required name=search_term_string\"}],\"inLanguage\":\"it-IT\"},{\"@type\":\"WebPage\",\"@id\":\"https:\/\/www.orzanwines.com\/index.php\/agriturismo\/#webpage\",\"url\":\"https:\/\/www.orzanwines.com\/index.php\/agriturismo\/\",\"name\":\"Agriturismo - Orzan Ivaldo\",\"isPartOf\":{\"@id\":\"https:\/\/www.orzanwines.com\/#website\"},\"datePublished\":\"2020-11-20T10:44:16+00:00\",\"dateModified\":\"2025-07-21T13:51:57+00:00\",\"inLanguage\":\"it-IT\",\"potentialAction\":[{\"@type\":\"ReadAction\",\"target\":[\"https:\/\/www.orzanwines.com\/index.php\/agriturismo\/\"]}]}]}<\/script>\r\n<!-- \/ Yoast SEO plugin. -->","_links":{"self":[{"href":"https:\/\/www.orzanwines.com\/index.php\/wp-json\/wp\/v2\/pages\/2926"}],"collection":[{"href":"https:\/\/www.orzanwines.com\/index.php\/wp-json\/wp\/v2\/pages"}],"about":[{"href":"https:\/\/www.orzanwines.com\/index.php\/wp-json\/wp\/v2\/types\/page"}],"author":[{"embeddable":true,"href":"https:\/\/www.orzanwines.com\/index.php\/wp-json\/wp\/v2\/users\/2"}],"replies":[{"embeddable":true,"href":"https:\/\/www.orzanwines.com\/index.php\/wp-json\/wp\/v2\/comments?post=2926"}],"version-history":[{"count":11,"href":"https:\/\/www.orzanwines.com\/index.php\/wp-json\/wp\/v2\/pages\/2926\/revisions"}],"predecessor-version":[{"id":4098,"href":"https:\/\/www.orzanwines.com\/index.php\/wp-json\/wp\/v2\/pages\/2926\/revisions\/4098"}],"wp:attachment":[{"href":"https:\/\/www.orzanwines.com\/index.php\/wp-json\/wp\/v2\/media?parent=2926"}],"curies":[{"name":"wp","href":"https:\/\/api.w.org\/{rel}","templated":true}]}}